 of 4994704515?
3, 5, 19, 241, 72719
List the prime factors of 533437682.
2, 547, 487603
What are the prime factors of 1283771604?
2, 3, 1867, 57301
List the prime factors of 682295544.
2, 3, 7, 17, 79633
What are the prime factors of 51358244?
2, 7, 211, 8693
What are the prime factors of 676214859?
3, 1583, 142391
List the prime factors of 35774358.
2, 3, 17, 350729
List the prime factors of 3271230655.
5, 7, 11, 199, 42697
List the prime factors of 136822223.
6871, 19913
What are the prime factors of 41351431?
11, 3759221
What are the prime factors of 81623558?
2, 31, 1316509
List the prime factors of 29385888.
2, 3, 7, 6247
What are the prime factors of 460192249?
11, 41835659
List the prime factors of 3836115489.
3, 37, 2657, 13007
List the prime factors of 309921305.
5, 17, 97, 37589
What are the prime factors of 5102282584?
2, 7, 13016027
List the prime factors of 20993478.
2, 3, 11, 179, 1777
What are the prime factors of 4310503618?
2, 23831, 90439
List the prime factors of 606455777.
107, 149, 38039
List the prime factors of 331101729.
3, 7, 29, 193, 313
What are the prime factors of 6649853879?
6649853879
What are the prime factors of 178284949?
178284949
List the prime factors of 144358104.
2, 3, 11, 313, 1747
What are the prime factors of 1062665033?
1062665033
List the prime factors of 45348704.
2, 89, 15923
List the prime factors of 2809936256.
2, 17, 229, 5639
List the prime factors of 8705511586.
2, 4352755793
What are the prime factors of 630992540?
2, 5, 61, 517207
List the prime factors of 213400506.
2, 3, 11, 233, 13877
List the prime factors of 335143098.
2, 3, 197, 94513
List the prime factors of 316520854.
2, 13, 103, 181, 653
List the prime factors of 32859261.
3, 151, 24179
What are the prime factors of 96294230?
2, 5, 149, 64627
What are the prime factors of 4522498098?
2, 3, 753749683
What are the prime factors of 91747297?
91747297
What are the prime factors of 1326850416?
2, 3, 317, 9689
What are the prime factors of 1358031938?
2, 239, 2841071
List the prime factors of 89127408.
2, 3, 1856821
What are the prime factors of 79403244?
2, 3, 757, 8741
List the prime factors of 16878377.
29, 582013
What are the prime factors of 4480213718?
2, 19, 3529, 33409
What are the prime factors of 290397386?
2, 37, 3924289
List the prime factors of 166980553.
97, 1721449
List the prime factors of 142516538.
2, 359, 198491
What are the prime factors of 530189450?
2, 5, 7, 41, 36947
What are the prime factors of 19638630?
2, 3, 5, 11, 83, 239
What are the prime factors of 63047642?
2, 7, 4503403
What are the prime factors of 332407662?
2, 3, 55401277
What are the prime factors of 5577136249?
43, 129700843
List the prime factors of 1034365101.
3, 7, 11, 167, 26813
List the prime factors of 82890282.
2, 3, 13815047
List the prime factors of 22703292.
2, 3, 53, 73, 163
What are the prime factors of 199553640?
2, 3, 5, 11, 13, 29, 401
What are the prime factors of 2833654534?
2, 47, 30145261
What are the prime factors of 26594525?
5, 1063781
List the prime factors of 393336253.
83, 4738991
What are the prime factors of 4541203253?
137, 139, 238471
What are the prime factors of 153389224?
2, 19173653
List the prime factors of 731228929.
71, 10298999
What are the prime factors of 27336963?
3, 83, 101, 1087
What are the prime factors of 291527772?
2, 3, 53, 458377
What are the prime factors of 59012668?
2, 11, 13, 83, 113
List the prime factors of 183769845.
3, 5, 7, 250027
List the prime factors of 91918282.
2, 101, 127, 3583
List the prime factors of 38229832.
2, 4778729
What are the prime factors of 488027551?
11, 17, 41, 53, 1201
List the prime factors of 63128606.
2, 23, 67, 20483
What are the prime factors of 10006707?
3, 31, 107599
List the prime factors of 1426924425.
3, 5, 37, 211, 2437
List the prime factors of 37028065.
5, 7405613
What are the prime factors of 803864010?
2, 3, 5, 26795467
What are the prime factors of 360004090?
2, 5, 53, 691, 983
What are the prime factors of 510590292?
2, 3, 127, 335033
List the prime factors of 233684269.
7, 13, 167, 15377
List the prime factors of 1334752736.
2, 19, 227, 509
List the prime factors of 21074446.
2, 59, 178597
List the prime factors of 259794993.
3, 1013, 85487
List the prime factors of 6452834499.
3, 97, 1129, 6547
List the prime factors of 154307009.
53, 2911453
List the prime factors of 91473117.
3, 179, 170341
List the prime factors of 69215531.
7, 11, 151, 5953
List the prime factors of 5128301981.
11, 42382661
List the prime factors of 79617683.
157, 507119
What are the prime factors of 543127485?
3, 5, 1663, 21773
What are the prime factors of 63611476?
2, 2593, 6133
List the prime factors of 198955399.
29, 83, 82657
What are the prime factors of 5282536963?
11, 29, 229, 72313
List the prime factors of 1031059901.
223, 2027, 2281
What are the prime factors of 284549444?
2, 71137361
List the prime factors of 35971538.
2, 17985769
List the prime factors of 2095338261.
3, 3217, 217111
What are the prime factors of 661700?
2, 5, 13, 509
List the prime factors of 309923335.
5, 61984667
What are the prime factors of 1643229226?
2, 563, 1459351
List the prime factors of 399415930.
2, 5, 23, 97, 17903
List the prime factors of 18069765.
3, 5, 7, 172093
List the prime factors of 439676226.
2, 3, 11, 19, 73, 1601
What are the prime factors of 37646140?
2, 5, 7, 443, 607
What are the prime factors of 84653778?
2, 3, 11, 17, 19
List the prime factors of 92739487.
92739487
What are the prime factors of 1330727?
1330727
List the prime factors of 686433235.
5, 19, 73, 98981
What are the prime factors of 117109700?
2, 5, 367, 3191
List the prime factors of 831602641.
73, 11391817
List the prime factors of 336279967.
359, 936713
List the prime factors of 60737491.
59, 79, 83, 157
List the prime factors of 37873395.
3, 5, 7, 120233
List the prime factors of 19293855.
3, 5, 7, 53, 3467
List the prime factors of 71263871.
7, 10180553
List the prime factors of 145922386.
2, 173, 421741
List the prime factors of 635814780.
2, 3, 5, 271, 39103
List the prime factors of 160867752.
2, 3, 6702823
What are the prime factors of 328661896?
2, 41082737
What are the prime factors of 63136388?
2, 7, 2254871
List the prime factors of 931786803.
3, 1601, 64667
What are the prime factors of 43612983?
3, 919, 5273
What are the prime factors of 1552985467?
11, 29, 4868293
List the prime factors of 37636513.
59, 67, 9521
List the prime factors of 18476146.
2, 13, 710621
What are the prime factors of 104152959?
3, 142871
List the prime factors of 75535679.
211, 357989
List the prime factors of 19748403.
3, 2194267
List the prime factors of 19168850.
2, 5, 31, 83, 149
List the prime factors of 29278733.
11, 241973
List the prime factors of 52933489.
7, 167, 45281
What are the prime factors of 577597949?
577597949
What are the prime factors of 2879531582?
2, 1439765791
What are the prime factors of 250176282?
2, 3, 787, 52981
List the prime factors of 31354277.
2617, 11981
List the prime factors of 6477185.
5, 11, 13, 9059
List the prime factors of 500787594.
2, 3, 491, 56663
What are the prime factors of 132444689?
13, 2089, 4877
What are the prime factors of 500128242?
2, 3, 103, 809269
What are the prime factors of 295801219?
7, 643, 65719
List the prime factors of 3874473088.
2, 30269321
What are the prime factors of 113372755?
5, 409, 55439
What are the prime factors of 46022348?
2, 11505587
List the prime factors of 162259909.
7, 877, 26431
List the prime factors of 7579427062.
2, 149, 25434319
What are the prime factors of 41852547?
3, 11, 422753
List the prime factors of 146749763.
17, 373, 23143
What are the prime factors of 2965313626?
2, 11, 29, 43, 108089
List the prime factors of 59242015.
5, 7, 1692629
What are the prime factors of 14726416?
2, 47, 19583
List the prime factors of 94080.
2, 3, 5, 7
What are the prime factors of 19081815?
3, 5, 317, 4013
What are the prime factors of 130914237?
3, 19, 2296741
List the prime factors of 11379202.
2, 37, 367, 419
What are the prime factors of 6506996256?
2, 3, 419, 53923
What are the prime factors of 933754803?
3, 89, 3497209
List the prime factors of 115209339.
3, 7, 783737
What are the prime factors of 1118508261?
3, 13, 37, 61, 97, 131
What 